*x - 4*x = -q + 4. What are the prime factors of q?
2
Let q = -7 - -18. Let d = 4 - q. Let g = d + 17. List the prime factors of g.
2, 5
Let x = 3 + 36. List the prime factors of x.
3, 13
Let w = -4 + 99. List the prime factors of w.
5, 19
Suppose -3*k + 20 = -10. Suppose -96 = -3*v - 5*o + 71, 5*o + 217 = 3*v. Suppose 0 = -3*m - q + 41, k = 5*m - 4*q - v. List the prime factors of m.
2, 7
Let z be 24/9*(-6)/(-4). Suppose 12 = z*x - 196. What are the prime factors of x/5 + (-3)/(-5)?
11
Suppose 5*b = i - 15, -3*b + 4*b - 2*i + 3 = 0. List the prime factors of -1 + 0 - 30/b.
3
Let t = 125 + -74. What are the prime factors of t?
3, 17
Suppose -4*u + h = -2 - 33, 4*u + 5*h - 41 = 0. Suppose -2*s = i - 80, -5*s + 2*i = -3*s - 80. Suppose -4*m - s = -u*m. What are the prime factors of m?
2
Let l(n) = -71*n - 53. What are the prime factors of l(-5)?
2, 151
Suppose 3 = -2*r - 5*y, r = 3*r + 4*y + 2. Let i be (3*-2*r)/(-2). Suppose 3*t = 4*u + 20, -i*t + 3 = -3*u - 18. What are the prime factors of t?
2
Suppose 8 = -r + 4*o, r = -0*r - 3*o + 6. Suppose 3*p = -3*j + 24, -3*j + 29 + 15 = -2*p. Suppose r*v + j = v. List the prime factors of v.
2, 3
Suppose -2*t = -3*u - 71, -6*t + 172 = -t - 2*u. What are the prime factors of t?
2, 17
Let d = 13 + -66. Let h = d + 77. List the prime factors of h.
2, 3
Let p be 24 - (1 + 6 - (-3 - -6)). Let x = -25 + 17. Let s = x + p. What are the prime factors of s?
2, 3
Suppose -30 = -a - 4*z, -21 - 14 = -5*a + 3*z. What are the prime factors of a?
2, 5
Let i(w) = -4*w + w**2 + w**3 + 2*w**3 + 2*w. List the prime factors of i(2).
2, 3
Let r be 72/5 - (-6)/(-15). Suppose -u - u = -r. List the prime factors of u.
7
Let k be (1 + 23/(-1))*-1. Suppose 0 = -j + 3*h - 5, -h = 5*j - 17 - k. Suppose 11 + j = 3*d. What are the prime factors of d?
2, 3
Let h(a) = -10*a - 16. Let w(c) = -7*c - 11. Let v(q) = 5*h(q) - 7*w(q). Let y be v(0). Let m = 5 + y. What are the prime factors of m?
2
Suppose 0 = -w - 1 - 1. Let f = w - -1. What are the prime factors of (12/(-14))/f*7?
2, 3
Let a be 13 + (-1)/(-4)*0. Suppose o = -4*c - 11, -4*c = -0*o - o + 13. Let u = a - o. What are the prime factors of u?
2, 3
Let f be (28/3 - -2)*3. Suppose -12 = 3*s, -2 - f = 2*k + 5*s. List the prime factors of 2 + 0 - k - -2.
2, 3
Suppose 26 + 70 = 4*u. Let m = u + 0. List the prime factors of m.
2, 3
Let i be 240/(9/3 + -2). Let j be 4/26 + i/(-39). Let a = 2 - j. List the prime factors of a.
2
Suppose 4*o + 4 - 16 = 0. Suppose -3*c = -o, -u - 26 = -2*u - 3*c. List the prime factors of u.
23
Let y(k) = 42*k - 56. What are the prime factors of y(5)?
2, 7, 11
Let n be ((-9)/(-6) - 2)*-4. Suppose 5*q = 5*c + 175, 5*q + 77 = -n*c + 14. Let h = -18 - c. What are the prime factors of h?
2
Suppose 3*q = -4*d + 35, -q = -3*d + 2*q. Suppose -4*l + 12 = -5*j, -d*l - 5*j + 75 = 15. What are the prime factors of l?
2
Let f(k) = -2*k + 31. List the prime factors of f(13).
5
Suppose -3*v - 45 = -5*n, n - v = v + 16. Let f = 5 + n. What are the prime factors of f?
11
Suppose 0 = 2*y - 2 - 6. Suppose -4 = -u + y. List the prime factors of u.
2
Suppose -3 = 3*m - 15. Let w(p) = -17*p**3 - p**2 + p + 1. Let h be w(-1). Suppose -4*y - m*f = -h, -4*y + 2*f + 16 = -3*y. List the prime factors of y.
2
Let q = 38 - 18. List the prime factors of q.
2, 5
Let u(i) = -i + 4. Let f be u(2). Suppose f*t - 51 = 3*a + 54, -4*a + 5*t - 147 = 0. Let r = -22 - a. List the prime factors of r.
11
Suppose -294 = -2*v - 5*c + 71, -4*v + 4*c + 688 = 0. List the prime factors of v.
5, 7
Suppose 2*h = -2*t + 5*h + 87, -3*t - 2*h + 98 = 0. Suppose -2*w = -3*w. Suppose 4*r - t = -w. List the prime factors of r.
3
Let f(w) = w - 12. Let g be f(6). Suppose 3*t - 4*d - 21 = 0, -3*t + 5*d + 15 + 3 = 0. Let y = g + t. What are the prime factors of y?
5
Suppose 4*o = 3 + 5. Let t(x) = x**3 + 2*x**2 + x + 2. Let d be t(-2). Suppose 5*p + o = 3*n - 5, 4*p - 4 = d. What are the prime factors of n?
2
What are the prime factors of (-8 + 2)*(-10)/4?
3, 5
List the prime factors of 23 + 7/((-7)/4).
19
Suppose v + 8 = 28. What are the prime factors of v?
2, 5
Suppose -n + 77 = -3*i, -2*i + 385 = 5*n + 2*i. Suppose -5*x = 5*q - 100, 4*x = -6*q + 3*q + n. List the prime factors of x.
17
Suppose 8*k = 135 + 113. What are the prime factors of k?
31
Let b = -8 - -14. Let p(g) = -2*g - 28. Let h be p(-14). Suppose h = -4*t + 3*t + b. List the prime factors of t.
2, 3
Let d be 38/8 + (-4)/(-16). Suppose q + 16 = d*q. What are the prime factors of q?
2
Suppose 0 = -26*g + 18*g + 1424. List the prime factors of g.
2, 89
Suppose 0 = i + i - 56. List the prime factors of 1/(0 - (-2)/i).
2, 7
Let l = 0 - -29. Let w = l + 7. What are the prime factors of w?
2, 3
Let r(i) be the first derivative of i**4/4 + 8*i**3/3 + 3*i**2 - 4*i - 8. List the prime factors of r(-5).
41
Suppose -672 = -5*g - g. List the prime factors of g.
2, 7
List the prime factors of 28 - (-2)/(-4)*-4.
2, 3, 5
Suppose p + 3 = -4. List the prime factors of (-58)/p - 10/35.
2
Suppose 3*p + 52 = 3*a - 77, 4*p = -5*a + 251. What are the prime factors of a?
47
Let r(q) = -q**3 + 6*q**2 + 2*q - 6. Let u(y) = -y**3 - 2*y**2 - 2*y + 2. Let m be u(-2). What are the prime factors of r(m)?
2, 3
Suppose 0 = -q + 2*q - 4. Suppose 2*k = -l + 10, 3*k = q*k - 2. Suppose 1 + l = j. List the prime factors of j.
7
Let r(m) = -3*m**2 - 7*m - 5. Let j(p) = -2*p**2 - 6*p - 4. Let f(n) = 4*j(n) - 3*r(n). Let q be f(3). Let v = 1 - q. What are the prime factors of v?
2
Let i(d) = d**3 - 9*d**2 + 4*d + 8. List the prime factors of i(9).
2, 11
Let j be (-1)/3 - (-147)/9. Let w = -9 - 2. Let f = j + w. List the prime factors of f.
5
Let q = -2 + 4. Let d(w) = w**3 - 2*w**2 + 2*w + 1. Let z be d(q). Let p = z - 1. List the prime factors of p.
2
Let n(c) = 11 - 2 - c - 8. Let o be 3/1*(-4)/6. What are the prime factors of n(o)?
3
Let u be (2/(-1))/((-10)/(-15)). List the prime factors of 23*(0 + (-2 - u)).
23
Let q(h) = 47*h - 3. List the prime factors of q(2).
7, 13
Let s = 4 + 1. Suppose -5*i + i = 4*z - 184, -s*i = -z + 40. List the prime factors of z.
3, 5
Let w(i) = 15*i**2 + i - 4. List the prime factors of w(2).
2, 29
Suppose -6*v = -3*v + 3*b - 372, -v + 136 = -5*b. List the prime factors of v.
2, 3, 7
Suppose -3*p = -5*t + t - 274, 5*t = 5*p - 460. What are the prime factors of p?
2, 47
Let j = 85 + -48. What are the prime factors of j?
37
Let a = -4 + 5. Suppose 2*m + a = 2*v - 3, -m - 6 = -3*v. Suppose 0 = 5*i + 3*k - 66, m*k - 30 = -2*i - 3*k. What are the prime factors of i?
2, 3
Let j(z) = 4*z**2 - 7*z - 1. Suppose -13 = -4*s + 3*w, -5*s - w + 10 = -11. List the prime factors of j(s).
5, 7
Let f = 208 + -110. Suppose -f = -4*s - 4*j + 2*j, -s - 3*j + 22 = 0. What are the prime factors of s?
5
Suppose -2*d - 3*h - 1 = 0, 0 = h - 5. List the prime factors of (d/(-3))/((-20)/(-150)).
2, 5
Let z(r) = -r**2 + 6*r + 5. Let o(d) = 3*d + 2. Let v(p) = 5*o(p) - 2*z(p). What are the prime factors of v(3)?
3
Let c(v) = -2*v + 4. What are the prime factors of c(-2)?
2
Suppose -14 = -2*h + 2. Let i = 1 + 2. Let n = h - i. List the prime factors of n.
5
List the prime factors of ((-2)/3)/(0 - 3/972).
2, 3
Let m be -9*3*40/(-36). What are the prime factors of 6/((-2)/m*-3)?
2, 3, 5
Let f = -33 + 3. Let h = f + 50. List the prime factors of h.
2, 5
Let y be 16 + (2 + -4 - -4). Let h = 70 + -43. What are the prime factors of 4/y - (-291)/h?
11
Let p be (-12)/(2*-1) + -1. Suppose -p*x + 47 = v - 3*v, v + 29 = -3*x. List the prime factors of v/(-12) + (-5)/30.
2
Let g = -6 - -12. What are the prime factors of (-8)/(-24) - (-256)/g?
43
Let n = -4 + 9. Suppose -4*m = n*s + 2, -4*m = -2*m + 6. Suppose -o = f - 12, f - s*o - 28 = -7*o. What are the prime factors of f?
2
Let t(q) = 9*q + 3. Let o be t(-2). List the prime factors of 6/o + (-44)/(-10).
2
Let p(b) = -3*b**3 - 1. Let f be p(-1). What are the prime factors of (f/(-6))/((-3)/171)?
19
Let l be 1 + 0 + -3 + 0. List the prime factors of ((-3)/l)/((-15)/(-160)).
2
Let p be (-1 + 39/(-5))*-5. Suppose -4*x - 10 = -2*f - 0*x, -4*f + 2*x = -p. Let j = f + -2. What are the prime factors of j?
11
Let v(j) = -j**2 + 7*j + 3. Let u be v(7). Suppose -u*l + x + 14 = -0*l, l - 6 = x. List the prime factors of l.
2
Let a(y) = -y**3 - 2*y**